ate the highest common divisor of 9492 and 84.
84
What is the greatest common factor of 10 and 3530?
10
What is the greatest common factor of 338 and 26?
26
Calculate the greatest common factor of 34 and 8.
2
What is the highest common divisor of 136 and 5576?
136
Calculate the greatest common divisor of 524 and 655.
131
Calculate the greatest common factor of 42 and 14.
14
Calculate the highest common divisor of 76 and 52.
4
Calculate the highest common factor of 1926 and 1498.
214
Calculate the highest common divisor of 39 and 351.
39
What is the greatest common divisor of 312 and 546?
78
What is the greatest common divisor of 6013 and 7?
7
Calculate the highest common factor of 330 and 105.
15
Calculate the greatest common divisor of 483 and 138.
69
What is the greatest common factor of 1908 and 99?
9
Calculate the highest common factor of 47 and 79.
1
Calculate the greatest common divisor of 153 and 34.
17
What is the highest common factor of 193 and 1?
1
What is the highest common divisor of 44 and 3839?
11
Calculate the greatest common factor of 160 and 440.
40
Calculate the greatest common divisor of 7614 and 4794.
282
What is the highest common divisor of 114 and 6954?
114
Calculate the greatest common factor of 11244 and 48.
12
Calculate the highest common divisor of 4307 and 1168.
73
What is the highest common factor of 378 and 864?
54
What is the greatest common divisor of 30038 and 92?
46
Calculate the highest common factor of 2 and 48.
2
What is the greatest common factor of 165 and 75?
15
What is the greatest common divisor of 32 and 176?
16
Calculate the highest common factor of 8 and 124.
4
Calculate the greatest common factor of 66 and 33.
33
What is the greatest common factor of 100 and 575?
25
What is the greatest common divisor of 41446 and 92?
46
Calculate the highest common divisor of 2 and 1840.
2
What is the greatest common divisor of 20 and 1420?
20
What is the highest common factor of 9936 and 96?
48
What is the highest common factor of 494 and 608?
38
Calculate the highest common factor of 145 and 2.
1
What is the highest common divisor of 296 and 8?
8
What is the greatest common factor of 786 and 917?
131
What is the greatest common divisor of 183 and 488?
61
Calculate the greatest common factor of 19 and 1121.
19
Calculate the greatest common divisor of 608 and 684.
76
Calculate the highest common divisor of 65 and 5395.
65
Calculate the highest common divisor of 2799 and 45.
9
What is the highest common divisor of 441 and 5103?
63
Calculate the highest common factor of 17 and 5.
1
What is the highest common factor of 4617 and 684?
171
Calculate the greatest common factor of 22 and 924.
22
Calculate the highest common factor of 539 and 209.
11
Calculate the highest common divisor of 4508 and 46.
46
What is the greatest common factor of 49 and 77?
7
What is the greatest common divisor of 465 and 15?
15
Calculate the highest common factor of 889 and 127.
127
What is the highest common divisor of 3714 and 6?
6
Calculate the greatest common factor of 20 and 22170.
10
Calculate the highest common factor of 29 and 841.
29
What is the highest common divisor of 15236 and 52?
52
What is the greatest common divisor of 2052 and 8?
4
What is the greatest common divisor of 360 and 117?
9
What is the greatest common factor of 228 and 399?
57
Calculate the greatest common factor of 99 and 14454.
99
Calculate the greatest common divisor of 36 and 396.
36
What is the highest common factor of 177 and 649?
59
Calculate the highest common factor of 58 and 13543.
29
What is the greatest common divisor of 5976 and 24?
24
Calculate the highest common factor of 81 and 2943.
27
Calculate the greatest common divisor of 88642 and 94.
94
Calculate the greatest common divisor of 192 and 48.
48
What is the greatest common divisor of 70 and 574?
14
What is the highest common divisor of 3926 and 13?
13
Calculate the greatest common factor of 31 and 217.
31
Calculate the greatest common divisor of 221 and 26.
13
What is the highest common factor of 30 and 810?
30
Calculate the greatest common factor of 28 and 994.
14
What is the greatest common divisor of 7239 and 57?
57
What is the highest common divisor of 44 and 22?
22
What is the highest common factor of 160 and 60?
20
Calculate the highest common divisor of 38 and 551.
19
Calculate the greatest common divisor of 395 and 10.
5
Calculate the highest common factor of 39 and 377.
13
Calculate the greatest common factor of 1196 and 78.
26
Calculate the greatest common divisor of 56 and 7.
7
What is the highest common factor of 27 and 129?
3
What is the highest common factor of 374 and 682?
22
What is the highest common divisor of 9 and 1341?
9
What is the greatest common divisor of 357 and 2397?
51
Calculate the highest common divisor of 8557 and 398.
199
What is the highest common divisor of 630 and 360?
90
Calculate the highest common factor of 56 and 192.
8
What is the greatest common factor of 12319 and 635?
127
Calculate the greatest common factor of 242 and 13068.
242
Calculate the highest common divisor of 5891 and 43.
43
Calculate the greatest common divisor of 464 and 80.
16
Calculate the greatest common factor of 12584 and 22.
22
What is the greatest common factor of 21344 and 96?
32
Calculate the greatest common divisor of 2 and 50.
2
What is the greatest common factor of 29822 and 37?
37
What is the greatest common divisor of 3 and 591?
3
Calculate the greatest common divisor of 10899 and 105.
21
Calculate the highest common divisor of 8 and 5.
1
What is the highest common factor of 175 and 14?
7
Calculate the highest common divisor of 595 and 35.
35
Calculate the greatest common divisor of 2605 and 155.
5
What is the greatest common factor of 70 and 1442?
14
Calculate the greatest common divisor of 9301 and 131.
131
What is the highest common factor of 2 and 46?
2
Calculate the greatest common divisor of 33 and 5269.
11
What is the highest common factor of 47 and 141?
47
Calculate the highest common factor of 620 and 64.
4
Calculate the highest common factor of 575 and 3275.
25
Calculate the greatest common divisor of 3858 and 1.
1
Calculate the highest common factor of 128 and 1216.
64
Calculate the highest common factor of 963 and 8239.
107
Calculate the greatest common divisor of 27 and 468.
9
What is the highest common divisor of 99 and 144?
9
Calculate the highest common divisor of 22 and 286.
22
What is the highest common factor of 189 and 882?
63
Calculate the greatest common factor of 196 and 154.
14
What is the greatest common divisor of 132 and 352?
44
Calculate the greatest common divisor of 22 and 33.
11
Calculate the greatest common factor of 481 and 13.
13
Calculate the greatest common factor of 1526 and 28.
14
Calculate the highest common divisor of 357 and 147.
21
Calculate the greatest common factor of 56 and 1687.
7
What is the highest common divisor of 423 and 188?
47
What is the highest common factor of 371 and 2120?
53
Calculate the highest common factor of 69 and 138.
69
Calculate the highest common factor of 6612 and 114.
114
What is the highest common factor of 1948 and 4?
4
Calculate the highest common divisor of 374 and 527.
17
What is the greatest common factor of 144 and 225?
9
Calculate the highest common factor of 1003 and 59.
59
What is the greatest common factor of 462 and 42?
42
Calculate the highest common divisor of 21004 and 472.
236
Calculate the highest common divisor of 2 and 5018.
2
Calculate the greatest common factor of 30 and 174.
6
What is the greatest common factor of 455 and 70?
35
What is the greatest common factor of 14824 and 34?
34
Calculate the greatest common factor of 81 and 729.
81
What is the highest common divisor of 100 and 280?
20
Calculate the greatest common divisor of 224 and 2590.
14
Calculate the highest common divisor of 35556 and 36.
12
What is the greatest common divisor of 10 and 1300?
10
What is the greatest common divisor of 17 and 34?
17
What is the highest common divisor of 46 and 230?
46
Calculate the greatest common factor of 60 and 145.
5
Calculate the greatest common factor of 810 and 594.
54
What is the highest common factor of 392 and 8?
8
What is the greatest common factor of 9 and 63?
9
What is the hig